Let k(m) be the second derivative of 14353*m**3/6 - 19*m**2/2 - 9*m - 12. Is k(2) composite?
False
Suppose i - 504 = -6*i. Let k = 71 - i. Is (-1425)/(-76) + k/(-4) a prime number?
True
Let x(k) = 154*k**2 + 2*k + 27. Let n(t) = -307*t**2 - 4*t - 54. Let l(z) = 6*n(z) + 13*x(z). Is l(-4) a prime number?
True
Let t = -2052 + 2049. Let u(o) = -262*o**2 + 22*o + 19. Let m(x) = 87*x**2 - 7*x - 6. Let d(a) = -8*m(a) - 3*u(a). Is d(t) composite?
True
Suppose 8*l - 3*v - 2907 = 4*l, -3628 = -5*l - 2*v. Let h = 743 + l. Is h a prime number?
False
Let x be (2 + 6)/4 - -8. Let v(b) = 9 - 12 - 7*b + 201*b. Is v(x) a composite number?
True
Is (1074268080/576)/((-5)/(-4)) composite?
True
Suppose 18370 = -5*m - 3*f + 122703, m - 2*f - 20877 = 0. Is m composite?
True
Suppose -10*u = 22*u - 396224. Let l = 17469 - u. Is l composite?
False
Suppose -2*t + 4*h + 34414 = -45108, 5*t - 198769 = 4*h. Is t composite?
False
Let r = -885341 - -1271704. Is r a prime number?
True
Suppose 24 = s - 3*s - 4*u, -2*u - 10 = 0. Let o be (s - -3)/(10/1480). Suppose 0 = -7*p + 741 + o. Is p a composite number?
False
Suppose -52 + 64 = 3*f. Suppose 7*p = f*p. Suppose 4*l + 5 = i, 3*i + p*i = 4*l + 31. Is i composite?
False
Suppose 19 - 9 = -5*h. Is (5 - (h - (-19)/2))*-3814 composite?
True
Let x(j) = j**3 - 9*j**2 - 11*j + 18. Let b be x(12). Suppose 0 = -d + b + 505. Suppose 3952 = 5*r - d. Is r a prime number?
False
Let x(o) = o**3 + 39*o**2 - 27*o + 286. Is x(-33) a prime number?
False
Let q = -314886 - -584629. Is q prime?
False
Suppose -5*y + 3*y = 8. Let r be (-3063 + (-6)/(-3))/(-5 - y). Suppose d - 605 = -2*f, -5*d = 3*f - 2*f - r. Is d prime?
True
Let s = 95 - 92. Suppose 0 = -s*x - 274 + 1531. Is x prime?
True
Let c(g) = 2*g**3 - 9*g**2 + 5*g - 40. Let j be c(5). Is -4493*1/((j/2)/(-5)) composite?
False
Suppose -5*f + 35 = -4*d, -3*f + 11*d = 6*d - 34. Suppose -2 = 2*u, f*u = -3*x + 2026 + 1712. Is x a prime number?
False
Let u = 4 - -1. Suppose -129*c - 8 = -63*c - 206. Is (-2 - c)*(618/u)/(-2) a composite number?
True
Suppose -3838 = -7*v + 4289. Let o = -642 + v. Is o prime?
False
Suppose 4*p + 3*l - 137598 = 0, -127*l + 132*l + 10 = 0. Is p a composite number?
True
Let h(n) be the third derivative of n**5/6 - n**4/8 - 59*n**3/3 - 160*n**2. Is h(-9) a prime number?
True
Suppose m + 7 = -2*l - 0*l, 0 = 2*l + 3*m - 3. Let q(r) = r**3 - 7*r**2 + 6*r - 1. Let o be q(l). Let v = o - -764. Is v a prime number?
False
Let r(j) = 2413*j - 7. Let z(d) = -3*d - 27. Let k be z(-10). Let n be r(k). Suppose -10*u + n + 2418 = 0. Is u a composite number?
True
Let b = -18 + 9. Let q(l) = 12 + 3*l**2 - 5 + l + 4 - 3*l - 3*l. Is q(b) composite?
True
Suppose b - 4*m = -1, 2*m = -2*m + 8. Is 7052/(4 - 2) + -6 + b a composite number?
False
Let f = -145 - -103. Let i = f - -50. Is (-4)/i*(-2)/(-3)*-1899 a prime number?
False
Let f(w) = 41*w**2 + 15*w - 3. Let o be f(-5). Suppose 7*b + o = 121. Is b/(1/3*-2) composite?
True
Let g(l) = -l**2 - 7*l - 7. Let k be g(-5). Let h be 5 + -2 + (23 - k). Suppose 0 = h*i - 25*i + 586. Is i a prime number?
True
Suppose 3*i - 5*t = -9*t - 15830, -i = -t + 5265. Let a = -2223 - i. Is a composite?
True
Let g(c) = 460*c**2 - 178*c + 17. Is g(-22) prime?
False
Let f = 10 + -31. Let h = 23 + f. Is (-13)/((4 - (h - -1))/(-71)) composite?
True
Is ((-8)/(-60) - 83981928/(-540)) + (-16)/72 a composite number?
True
Suppose 4362575 = 3*p + 2*g, -4*g = -23 + 19. Is p a prime number?
True
Let k = 374278 - 177327. Is k composite?
True
Suppose -2*s - 4*w - 47999 = -154077, s - 5*w = 53032. Suppose 209303 = 20*m - s. Is m composite?
True
Suppose -60*q + 13*q = 27*q - 20327134. Is q a prime number?
False
Let j(z) = -32*z**3 - 5*z**2 - 8*z - 38. Is j(-11) a composite number?
True
Suppose 21*m = 23*m. Suppose m = -3*d + 3*l + 3987, -5*d + 3*l + 6625 = 2*l. Suppose -2*n - d = -6*n. Is n composite?
False
Suppose 3*w - 110824 = -5*z, -4*z + 9*z - w = 110812. Let g = 33238 - z. Suppose 4*m - 9*m + g = 0. Is m prime?
False
Let x be (-48 - -45)*(-1)/1. Is (-2)/x*(31545/(-18) - 4) composite?
False
Suppose 95 = -3*l - 2*l. Let b = l + 18. Is -1*(b + 0) - -141 a prime number?
False
Suppose -5*w - 25 = 5*z, 0*w + 15 = -2*w - 3*z. Let k be 21 + 1 - w - (6 - 2). Suppose k*y - 9*y - 585 = 0. Is y prime?
False
Let q(y) = -y**3 + 10*y**2 - 5*y + 250619. Is q(0) a composite number?
False
Let f = -16890 + 32677. Is f prime?
True
Let t be (4030/30)/(1*(-1)/3). Let l = t - -266. Let a = l + 331. Is a composite?
True
Suppose 2*d = -3*d + 4*m - 571, -2*d = 5*m + 235. Let f = d - -115. Is f + (0 - -455 - 4/1) prime?
False
Suppose 0 = -30*n + 27*n + 1953. Let s = 2062 - n. Is s a prime number?
False
Let a(k) = 70*k**3 - 3*k**2 - 2*k + 28. Let n(g) = 68*g**3 - 5*g**2 - 2*g + 27. Let t(f) = -2*a(f) + 3*n(f). Is t(8) composite?
True
Let u(o) = 6*o**3 + 41*o**2 + 33*o - 7. Is u(18) a prime number?
False
Suppose -2*s - 6*g = -2*g - 5514, -s + 2747 = 4*g. Suppose 2*v - 233 - 957 = 0. Suppose 2*y + 4*i = 1251 + v, -3*y - 5*i = -s. Is y a composite number?
False
Is -9 - (-16 + 8624/(-21))/((-2)/(-1914)) composite?
False
Suppose 6*a - 11111 - 4771 = 0. Suppose 4170 = 2*f - 2*i, i - a - 5698 = -4*f. Is (2/(-4))/((-7)/f) prime?
True
Suppose -6*b + 968 = -2*b. Let a = b - 140. Suppose -2*q + 1180 = -a. Is q composite?
False
Suppose 0 = 30*m - 38*m - 31*m + 10615839. Is m a prime number?
True
Suppose -2*i + 5*o = -214892, -2*i - 2*o + 42088 = -172762. Is i prime?
False
Let c = 10 - 2. Suppose a = c*a - a. Let x(h) = 3*h**2 - 2*h + 337. Is x(a) a composite number?
False
Let m be 8*((-58)/(-8) + -3). Let t be 51/m*(-1 + 3). Suppose -t*x = 3*u - 1887, 0*x = -5*x - 3*u + 3149. Is x composite?
False
Suppose 0*s + 5*a - 393595 = 5*s, -s - a = 78723. Let h = s + 115310. Is h composite?
True
Suppose -4019462 = 137*n - 36762325. Is n prime?
False
Let s be 0/((1 + -2)*-2). Suppose 0*j - 2*j + 2*t + 20 = s, -4*j = 5*t + 5. Suppose 6 = -12*p + 15*p, 0 = -j*r - 4*p + 6463. Is r composite?
False
Suppose 6*i + 38*i = -5*i + 6205801. Is i a composite number?
True
Suppose -123*w + 2329534 = u - 124*w, -2*u = -4*w - 4659062. Is u a prime number?
False
Let q(u) be the first derivative of 3*u + 5/2*u**2 + 9 + 55/3*u**3. Is q(5) a prime number?
False
Let j(b) = b**3 + 13*b**2 - 2*b. Let p be j(-14). Let z = p - -673. Is z a composite number?
True
Let k(j) = 2148*j**2 - 188*j + 187. Is k(1) a composite number?
True
Suppose -7*a - 3*f + 192664 = -2*a, -2*a = 3*f - 77071. Is a prime?
False
Suppose 5*z = 4*t - 22, -3 = 2*z - 7. Suppose -2 = 4*o - 22. Is (-350 - (o - t))*(0 + -1) prime?
True
Let x(a) = -22*a + 21. Let p(m) = 2*m + 1. Let j(f) = 2*p(f) + x(f). Let k(g) = -2*g + 3. Let t be k(5). Is j(t) a composite number?
False
Let w(g) = -g**3 + 10*g**2 + 12*g - 9. Let x be w(11). Suppose -14 + 8 = -x*i. Suppose i*v = 4*r + 262, -5*r + 390 = 2*v + 3*v. Is v a prime number?
False
Let d(w) = 15*w**3 + 13*w**2 + 21*w**2 + 27*w - 5 + 25*w**2 - 71*w**2 - 3*w**3. Let g = 2 + 2. Is d(g) a composite number?
True
Let d be (-320)/(-12) + 8/6 + -2. Let p = 28 - d. Suppose -9*j - p*j + 4873 = 0. Is j a prime number?
True
Let a = 194942 - 136273. Is a composite?
True
Let q = -116 + 121. Let v be (-1)/2*0 + 10975. Suppose -q*u - 4*l = -v, 0 = 3*u - 5*l - 0*l - 6585. Is u prime?
False
Let t(g) = 4*g**2 + 6*g - 1. Let f be t(-2). Suppose 0 = -4*z - f*q + 42238, 4*z = -0*z - q + 42242. Is z composite?
True
Let v be 1 - (3/(-3) - 3). Let y(p) be the second derivative of p**5/10 + 5*p**4/12 - p**3/3 + 3*p**2 - 102*p. Is y(v) prime?
False
Let v be 14/2*(-2)/(-7). Suppose 3*m - 10520 = -v*m - 3*s, -25 = -5*s. Is m a prime number?
False
Is ((-4610018)/(-441))/(3/27) a prime number?
False
Let t(q) = 1128*q - 9. Let z(p) = -2256*p + 20. Let l(v) = -7*t(v) - 4*z(v). Is l(8) a prime number?
True
Let s(w) = 1540*w - 9. Suppose 25 - 9 = 16*y. Is s(y) a composite number?
False
Let y(p) = 24*p**2 - 2*p - 17. Let f be (1 - (-15)/(-9))/(6/(-261)). Suppose -v + k + 24 = 4*v, 5*v = -4*k + f. Is y(v) a composite number?
True
Let y = 611095 - 243788. Is y prime?
True
Let c(q) = -49*q + 10. Let y(t) = 33*t - 7. Let g(l) = 5*c(l) + 8*y(l). Let w be (5/2)/(7/14). Is g(w) composite?
False
Suppose -567191 = -5*s - 2*z, 200*s + 453751 = 204*s + z. Is s a prime numbe